{"id":34,"date":"2020-05-23T13:55:53","date_gmt":"2020-05-23T13:55:53","guid":{"rendered":"https:\/\/wp.kargl.net\/?page_id=34"},"modified":"2020-05-23T19:30:24","modified_gmt":"2020-05-23T19:30:24","slug":"about","status":"publish","type":"page","link":"https:\/\/ic.kargl.net\/?page_id=34","title":{"rendered":"\u00dcber InfoCast"},"content":{"rendered":"\n<p>Die Idee zu diesem Podcast entstand  aus der Beobachtung, dass man als Wissenschaftler an einer Universit\u00e4t oft viel zu wenig \u00fcber seine Kolleginnen und Kollegen, deren Forschung, Forschungsprojekte, aber auch Lebensgeschichte wei\u00df. Es geht also prim\u00e4r darum, sich in gem\u00fctlicher Atmosph\u00e4re mal in Ruhe mit den Kolleginnen und Kollegen zu unterhalten und dies quasi nebenbei auch aufzuzeichnen.<\/p>\n\n\n\n<hr class=\"wp-block-separator\"\/>\n\n\n\n<p>Im Podcast treffe ich zun\u00e4chst Informatikerinnen und Informatiker der Universit\u00e4t Ulm, also meine direkten Kolleginnen und Kollegen. Es ist jedoch geplant, in der Zukunft auch Universit\u00e4ten und Forschungseinrichtungen \u00fcber Ulm hinaus zu besuchen.<\/p>\n\n\n\n<hr class=\"wp-block-separator\"\/>\n\n\n\n<p>Findet man endlich mal die Zeit, sich in Ruhe zu unterhalten, wird schnell die ganze Vielfalt und Faszination der Informatik greifbar. Wenn Ihnen diese kleine Reise durch die Themen der Informatik und zu den Menschen hinter der Forschung gef\u00e4llt und Sie vielleicht sogar motiviert, sich tiefer mit diesem faszinierenden Thema zu besch\u00e4ftigen, dann hat sich die Erstellung dieses Podcasts f\u00fcr mich bereits gelohnt.<\/p>\n","protected":false},"excerpt":{"rendered":"<p>Die Idee zu diesem Podcast entstand aus der Beobachtung, dass man als Wissenschaftler an einer Universit\u00e4t oft viel zu wenig \u00fcber seine Kolleginnen und Kollegen, deren Forschung, Forschungsprojekte, aber auch Lebensgeschichte wei\u00df. Es geht also prim\u00e4r darum, sich in gem\u00fctlicher Atmosph\u00e4re mal in Ruhe mit den Kolleginnen und Kollegen zu unterhalten und dies quasi nebenbei [&hellip;]<\/p>\n","protected":false},"author":1,"featured_media":0,"parent":0,"menu_order":0,"comment_status":"closed","ping_status":"closed","template":"","meta":{"footnotes":""},"class_list":["post-34","page","type-page","status-publish","hentry"],"_links":{"self":[{"href":"https:\/\/ic.kargl.net\/index.php?rest_route=\/wp\/v2\/pages\/34","targetHints":{"allow":["GET"]}}],"collection":[{"href":"https:\/\/ic.kargl.net\/index.php?rest_route=\/wp\/v2\/pages"}],"about":[{"href":"https:\/\/ic.kargl.net\/index.php?rest_route=\/wp\/v2\/types\/page"}],"author":[{"embeddable":true,"href":"https:\/\/ic.kargl.net\/index.php?rest_route=\/wp\/v2\/users\/1"}],"replies":[{"embeddable":true,"href":"https:\/\/ic.kargl.net\/index.php?rest_route=%2Fwp%2Fv2%2Fcomments&post=34"}],"version-history":[{"count":6,"href":"https:\/\/ic.kargl.net\/index.php?rest_route=\/wp\/v2\/pages\/34\/revisions"}],"predecessor-version":[{"id":88,"href":"https:\/\/ic.kargl.net\/index.php?rest_route=\/wp\/v2\/pages\/34\/revisions\/88"}],"wp:attachment":[{"href":"https:\/\/ic.kargl.net\/index.php?rest_route=%2Fwp%2Fv2%2Fmedia&parent=34"}],"curies":[{"name":"wp","href":"https:\/\/api.w.org\/{rel}","templated":true}]}}